Last updated on 2018-02-24 09:51:17 CET.
Flavor | Version | Tinstall | Tcheck | Ttotal | Status | Flags |
---|---|---|---|---|---|---|
r-devel-linux-x86_64-debian-clang | 3.1-0.1 | 435.08 | 422.12 | 857.20 | OK | |
r-devel-linux-x86_64-debian-gcc | 3.1-0.1 | 354.85 | 304.54 | 659.39 | OK | |
r-devel-linux-x86_64-fedora-clang | 3.1-0.1 | 1204.02 | NOTE | |||
r-devel-linux-x86_64-fedora-gcc | 3.1-0.1 | 1117.80 | NOTE | |||
r-devel-windows-ix86+x86_64 | 3.1-0.1 | 1127.00 | 541.00 | 1668.00 | NOTE | |
r-patched-linux-x86_64 | 3.1-0.1 | 428.31 | 412.02 | 840.33 | OK | |
r-patched-solaris-x86 | 3.1-0.1 | 1319.20 | NOTE | |||
r-release-linux-x86_64 | 3.1-0.1 | 434.85 | 413.53 | 848.38 | OK | |
r-release-windows-ix86+x86_64 | 3.1-0.1 | 1171.00 | 490.00 | 1661.00 | NOTE | |
r-release-osx-x86_64 | 3.1-0.1 | NOTE | ||||
r-oldrel-windows-ix86+x86_64 | 3.1-0.1 | 895.00 | 462.00 | 1357.00 | NOTE | |
r-oldrel-osx-x86_64 | 3.1-0.1 | NOTE |
Version: 3.1-0.1
Check: installed package size
Result: NOTE
installed size is 28.9Mb
sub-directories of 1Mb or more:
doc 3.2Mb
libs 24.1Mb
Flavors: r-devel-linux-x86_64-fedora-clang, r-devel-linux-x86_64-fedora-gcc, r-devel-windows-ix86+x86_64, r-patched-solaris-x86, r-release-windows-ix86+x86_64, r-release-osx-x86_64, r-oldrel-windows-ix86+x86_64, r-oldrel-osx-x86_64