Last updated on 2018-02-24 09:51:19 CET.
Flavor | Version | Tinstall | Tcheck | Ttotal | Status | Flags |
---|---|---|---|---|---|---|
r-devel-linux-x86_64-debian-clang | 0.2.0 | 1.64 | 30.53 | 32.17 | NOTE | |
r-devel-linux-x86_64-debian-gcc | 0.2.0 | 1.48 | 23.99 | 25.47 | NOTE | |
r-devel-linux-x86_64-fedora-clang | 0.2.0 | 37.79 | NOTE | |||
r-devel-linux-x86_64-fedora-gcc | 0.2.0 | 36.39 | NOTE | |||
r-devel-windows-ix86+x86_64 | 0.2.0 | 4.00 | 60.00 | 64.00 | OK | |
r-patched-linux-x86_64 | 0.2.0 | 0.72 | 35.02 | 35.74 | OK | |
r-patched-solaris-x86 | 0.2.0 | 56.00 | OK | |||
r-release-linux-x86_64 | 0.2.0 | 0.97 | 34.81 | 35.78 | OK | |
r-release-windows-ix86+x86_64 | 0.2.0 | 4.00 | 51.00 | 55.00 | OK | |
r-release-osx-x86_64 | 0.2.0 | OK | ||||
r-oldrel-osx-x86_64 | 0.2.0 | ERROR |
Version: 0.2.0
Check: DESCRIPTION meta-information
Result: NOTE
Dependence on R version ‘3.4.2’ not with patchlevel 0
Flavors: r-devel-linux-x86_64-debian-clang, r-devel-linux-x86_64-debian-gcc, r-devel-linux-x86_64-fedora-clang, r-devel-linux-x86_64-fedora-gcc
Version: 0.2.0
Check: whether package can be installed
Result: ERROR
Installation failed.
Flavor: r-oldrel-osx-x86_64