Last updated on 2018-02-24 09:51:19 CET.
Flavor | Version | Tinstall | Tcheck | Ttotal | Status | Flags |
---|---|---|---|---|---|---|
r-devel-linux-x86_64-debian-clang | 0.1 | 3.89 | 44.88 | 48.77 | OK | |
r-devel-linux-x86_64-debian-gcc | 0.1 | 3.00 | 35.40 | 38.40 | OK | |
r-devel-linux-x86_64-fedora-clang | 0.1 | 57.67 | NOTE | |||
r-devel-linux-x86_64-fedora-gcc | 0.1 | 55.90 | NOTE | |||
r-devel-windows-ix86+x86_64 | 0.1 | 10.00 | 88.00 | 98.00 | OK | |
r-patched-linux-x86_64 | 0.1 | 3.44 | 55.69 | 59.13 | OK | |
r-patched-solaris-x86 | 0.1 | 90.90 | NOTE | |||
r-release-linux-x86_64 | 0.1 | 4.27 | 55.02 | 59.29 | OK | |
r-release-windows-ix86+x86_64 | 0.1 | 13.00 | 91.00 | 104.00 | OK | |
r-release-osx-x86_64 | 0.1 | NOTE | ||||
r-oldrel-osx-x86_64 | 0.1 | ERROR |
Version: 0.1
Check: dependencies in R code
Result: NOTE
Namespace in Imports field not imported from: ‘rJava’
All declared Imports should be used.
Flavors: r-devel-linux-x86_64-fedora-clang, r-devel-linux-x86_64-fedora-gcc, r-patched-solaris-x86, r-release-osx-x86_64
Version: 0.1
Check: whether package can be installed
Result: ERROR
Installation failed.
Flavor: r-oldrel-osx-x86_64