Last updated on 2018-02-24 09:51:19 CET.
Flavor | Version | Tinstall | Tcheck | Ttotal | Status | Flags |
---|---|---|---|---|---|---|
r-devel-linux-x86_64-debian-clang | 0.4.0 | 123.30 | 146.36 | 269.66 | OK | |
r-devel-linux-x86_64-debian-gcc | 0.4.0 | 102.90 | 113.16 | 216.06 | OK | |
r-devel-linux-x86_64-fedora-clang | 0.4.0 | 357.67 | NOTE | |||
r-devel-linux-x86_64-fedora-gcc | 0.4.0 | 338.60 | NOTE | |||
r-devel-windows-ix86+x86_64 | 0.4.0 | 276.00 | 328.00 | 604.00 | OK | |
r-patched-linux-x86_64 | 0.4.0 | 117.76 | 162.44 | 280.20 | OK | |
r-patched-solaris-x86 | 0.4.0 | 406.10 | OK | |||
r-release-linux-x86_64 | 0.4.0 | 116.41 | 162.34 | 278.75 | OK | |
r-release-windows-ix86+x86_64 | 0.4.0 | 280.00 | 357.00 | 637.00 | OK | |
r-release-osx-x86_64 | 0.4.0 | NOTE | ||||
r-oldrel-osx-x86_64 | 0.4.0 | ERROR |
Version: 0.4.0
Check: installed package size
Result: NOTE
installed size is 29.9Mb
sub-directories of 1Mb or more:
libs 29.7Mb
Flavors: r-devel-linux-x86_64-fedora-clang, r-devel-linux-x86_64-fedora-gcc, r-release-osx-x86_64
Version: 0.4.0
Check: package dependencies
Result: ERROR
Package required but not available: ‘breathtestcore’
See section ‘The DESCRIPTION file’ in the ‘Writing R Extensions’
manual.
Flavor: r-oldrel-osx-x86_64