CRAN Package Check Results for Package cAIC4

Last updated on 2018-02-24 09:51:20 CET.

Flavor Version Tinstall Tcheck Ttotal Status Flags
r-devel-linux-x86_64-debian-clang 0.2 4.41 58.74 63.15 NOTE
r-devel-linux-x86_64-debian-gcc 0.2 4.16 46.46 50.62 NOTE
r-devel-linux-x86_64-fedora-clang 0.2 77.44 NOTE
r-devel-linux-x86_64-fedora-gcc 0.2 75.87 NOTE
r-devel-windows-ix86+x86_64 0.2 10.00 88.00 98.00 NOTE
r-patched-linux-x86_64 0.2 4.23 61.13 65.36 NOTE
r-patched-solaris-x86 0.2 122.30 NOTE
r-release-linux-x86_64 0.2 4.98 63.18 68.16 NOTE
r-release-windows-ix86+x86_64 0.2 12.00 103.00 115.00 NOTE
r-release-osx-x86_64 0.2 NOTE
r-oldrel-windows-ix86+x86_64 0.2 7.00 98.00 105.00 NOTE
r-oldrel-osx-x86_64 0.2 NOTE

Check Details

Version: 0.2
Check: R code for possible problems
Result: NOTE
    bcMer: no visible global function definition for ‘family’
    biasCorrectionBernoulli: no visible global function definition for
     ‘qlogis’
    biasCorrectionBernoulli : <anonymous>: no visible global function
     definition for ‘qlogis’
    biasCorrectionGaussian: no visible global function definition for
     ‘model.matrix’
    cAIC: no visible global function definition for ‘family’
    conditionalBootstrap: no visible global function definition for
     ‘simulate’
    conditionalBootstrap : <anonymous>: no visible global function
     definition for ‘predict’
    conditionalBootstrap: no visible global function definition for ‘sigma’
    deleteZeroComponents: no visible global function definition for ‘lm’
    deleteZeroComponents: no visible global function definition for
     ‘formula’
    deleteZeroComponents: no visible global function definition for
     ‘model.frame’
    deleteZeroComponents: no visible global function definition for ‘terms’
    deleteZeroComponents: no visible global function definition for
     ‘reformulate’
    getcondLL: no visible global function definition for ‘family’
    getcondLL: no visible global function definition for ‘dbinom’
    getcondLL: no visible global function definition for ‘dpois’
    getcondLL: no visible global function definition for ‘dnorm’
    getcondLL: no visible global function definition for ‘sigma’
    Undefined global functions or variables:
     dbinom dnorm dpois family formula lm model.frame model.matrix predict
     qlogis reformulate sigma simulate terms
    Consider adding
     importFrom("stats", "dbinom", "dnorm", "dpois", "family", "formula",
     "lm", "model.frame", "model.matrix", "predict", "qlogis",
     "reformulate", "sigma", "simulate", "terms")
    to your NAMESPACE file.
Flavors: r-devel-linux-x86_64-debian-clang, r-devel-linux-x86_64-debian-gcc, r-devel-linux-x86_64-fedora-clang, r-devel-linux-x86_64-fedora-gcc, r-devel-windows-ix86+x86_64, r-patched-linux-x86_64, r-patched-solaris-x86, r-release-linux-x86_64, r-release-windows-ix86+x86_64, r-release-osx-x86_64, r-oldrel-windows-ix86+x86_64, r-oldrel-osx-x86_64