Last updated on 2018-02-24 09:51:20 CET.
Flavor | Version | Tinstall | Tcheck | Ttotal | Status | Flags |
---|---|---|---|---|---|---|
r-devel-linux-x86_64-debian-clang | 0.3.0 | 0.86 | 19.13 | 19.99 | OK | |
r-devel-linux-x86_64-debian-gcc | 0.3.0 | 0.72 | 15.12 | 15.84 | OK | |
r-devel-linux-x86_64-fedora-clang | 0.3.0 | 23.56 | OK | |||
r-devel-linux-x86_64-fedora-gcc | 0.3.0 | 22.26 | OK | |||
r-devel-windows-ix86+x86_64 | 0.3.0 | 4.00 | 39.00 | 43.00 | OK | |
r-patched-linux-x86_64 | 0.3.0 | 0.85 | 19.56 | 20.41 | OK | |
r-patched-solaris-x86 | 0.3.0 | 32.90 | OK | |||
r-release-linux-x86_64 | 0.3.0 | 1.00 | 19.75 | 20.75 | OK | |
r-release-windows-ix86+x86_64 | 0.3.0 | 2.00 | 43.00 | 45.00 | OK | |
r-release-osx-x86_64 | 0.3.0 | NOTE | ||||
r-oldrel-windows-ix86+x86_64 | 0.3.0 | 2.00 | 28.00 | 30.00 | OK | |
r-oldrel-osx-x86_64 | 0.3.0 | OK |
Version: 0.3.0
Check: package dependencies
Result: NOTE
Package suggested but not available for checking: ‘ncdf4’
Flavor: r-release-osx-x86_64