CRAN Package Check Results for Package censNID

Last updated on 2018-02-24 09:51:20 CET.

Flavor Version Tinstall Tcheck Ttotal Status Flags
r-devel-linux-x86_64-debian-clang 0-0-1 1.55 15.47 17.02 NOTE
r-devel-linux-x86_64-debian-gcc 0-0-1 1.41 12.34 13.75 NOTE
r-devel-linux-x86_64-fedora-clang 0-0-1 20.61 NOTE
r-devel-linux-x86_64-fedora-gcc 0-0-1 19.57 NOTE
r-devel-windows-ix86+x86_64 0-0-1 11.00 31.00 42.00 NOTE
r-patched-linux-x86_64 0-0-1 1.45 14.57 16.02 NOTE
r-patched-solaris-x86 0-0-1 27.50 NOTE
r-release-linux-x86_64 0-0-1 1.53 14.44 15.97 NOTE
r-release-windows-ix86+x86_64 0-0-1 6.00 25.00 31.00 NOTE
r-release-osx-x86_64 0-0-1 NOTE
r-oldrel-windows-ix86+x86_64 0-0-1 5.00 24.00 29.00 NOTE
r-oldrel-osx-x86_64 0-0-1 NOTE

Check Details

Version: 0-0-1
Check: R code for possible problems
Result: NOTE
    cenNID: no visible global function definition for ‘sd’
    Undefined global functions or variables:
     sd
    Consider adding
     importFrom("stats", "sd")
    to your NAMESPACE file.
Flavors: r-devel-linux-x86_64-debian-clang, r-devel-linux-x86_64-debian-gcc, r-devel-linux-x86_64-fedora-clang, r-devel-linux-x86_64-fedora-gcc, r-devel-windows-ix86+x86_64, r-patched-linux-x86_64, r-patched-solaris-x86, r-release-linux-x86_64, r-release-windows-ix86+x86_64, r-release-osx-x86_64, r-oldrel-windows-ix86+x86_64, r-oldrel-osx-x86_64

Version: 0-0-1
Check: compiled code
Result: NOTE
    File ‘censNID/libs/censNID.so’:
     Found no calls to: ‘R_registerRoutines’, ‘R_useDynamicSymbols’
    
    It is good practice to register native routines and to disable symbol
    search.
    
    See ‘Writing portable packages’ in the ‘Writing R Extensions’ manual.
Flavors: r-devel-linux-x86_64-debian-clang, r-devel-linux-x86_64-debian-gcc, r-devel-linux-x86_64-fedora-clang, r-devel-linux-x86_64-fedora-gcc, r-patched-linux-x86_64, r-release-linux-x86_64