Last updated on 2018-02-24 09:51:21 CET.
Flavor | Version | Tinstall | Tcheck | Ttotal | Status | Flags |
---|---|---|---|---|---|---|
r-devel-linux-x86_64-debian-clang | 0.1 | 2.30 | 28.02 | 30.32 | NOTE | |
r-devel-linux-x86_64-debian-gcc | 0.1 | 1.50 | 22.30 | 23.80 | NOTE | |
r-devel-linux-x86_64-fedora-clang | 0.1 | 36.53 | NOTE | |||
r-devel-linux-x86_64-fedora-gcc | 0.1 | 36.26 | NOTE | |||
r-devel-windows-ix86+x86_64 | 0.1 | 6.00 | 58.00 | 64.00 | NOTE | |
r-patched-linux-x86_64 | 0.1 | 1.86 | 27.56 | 29.42 | NOTE | |
r-patched-solaris-x86 | 0.1 | 48.90 | NOTE | |||
r-release-linux-x86_64 | 0.1 | 2.01 | 28.12 | 30.13 | NOTE | |
r-release-windows-ix86+x86_64 | 0.1 | 6.00 | 56.00 | 62.00 | NOTE | |
r-release-osx-x86_64 | 0.1 | NOTE | ||||
r-oldrel-windows-ix86+x86_64 | 0.1 | 4.00 | 38.00 | 42.00 | NOTE | |
r-oldrel-osx-x86_64 | 0.1 | NOTE |
Version: 0.1
Check: DESCRIPTION meta-information
Result: NOTE
Malformed Description field: should contain one or more complete sentences.
Flavors: r-devel-linux-x86_64-debian-clang, r-devel-linux-x86_64-debian-gcc, r-devel-linux-x86_64-fedora-clang, r-devel-linux-x86_64-fedora-gcc, r-devel-windows-ix86+x86_64, r-patched-linux-x86_64, r-patched-solaris-x86, r-release-linux-x86_64, r-release-windows-ix86+x86_64, r-release-osx-x86_64, r-oldrel-windows-ix86+x86_64, r-oldrel-osx-x86_64
Version: 0.1
Check: R code for possible problems
Result: NOTE
parse_counts: no visible global function definition for ‘na.omit’
Undefined global functions or variables:
na.omit
Consider adding
importFrom("stats", "na.omit")
to your NAMESPACE file.
Flavors: r-devel-linux-x86_64-debian-clang, r-devel-linux-x86_64-debian-gcc, r-devel-linux-x86_64-fedora-clang, r-devel-linux-x86_64-fedora-gcc, r-devel-windows-ix86+x86_64, r-patched-linux-x86_64, r-patched-solaris-x86, r-release-linux-x86_64, r-release-windows-ix86+x86_64, r-release-osx-x86_64, r-oldrel-windows-ix86+x86_64, r-oldrel-osx-x86_64