CRAN Package Check Results for Package clustertend

Last updated on 2018-02-24 09:51:21 CET.

Flavor Version Tinstall Tcheck Ttotal Status Flags
r-devel-linux-x86_64-debian-clang 1.4 0.72 15.01 15.73 NOTE
r-devel-linux-x86_64-debian-gcc 1.4 0.58 12.05 12.63 NOTE
r-devel-linux-x86_64-fedora-clang 1.4 18.80 NOTE
r-devel-linux-x86_64-fedora-gcc 1.4 18.60 NOTE
r-devel-windows-ix86+x86_64 1.4 3.00 32.00 35.00 NOTE
r-patched-linux-x86_64 1.4 0.69 13.83 14.52 NOTE
r-patched-solaris-x86 1.4 25.60 NOTE
r-release-linux-x86_64 1.4 0.69 13.79 14.48 NOTE
r-release-windows-ix86+x86_64 1.4 2.00 24.00 26.00 NOTE
r-release-osx-x86_64 1.4 NOTE
r-oldrel-windows-ix86+x86_64 1.4 2.00 21.00 23.00 NOTE
r-oldrel-osx-x86_64 1.4 NOTE

Check Details

Version: 1.4
Check: R code for possible problems
Result: NOTE
    hopkins: no visible global function definition for ‘runif’
    hopkins: no visible global function definition for ‘dist’
    Undefined global functions or variables:
     dist runif
    Consider adding
     importFrom("stats", "dist", "runif")
    to your NAMESPACE file.
Flavors: r-devel-linux-x86_64-debian-clang, r-devel-linux-x86_64-debian-gcc, r-devel-linux-x86_64-fedora-clang, r-devel-linux-x86_64-fedora-gcc, r-devel-windows-ix86+x86_64, r-patched-linux-x86_64, r-patched-solaris-x86, r-release-linux-x86_64, r-release-windows-ix86+x86_64, r-release-osx-x86_64, r-oldrel-windows-ix86+x86_64, r-oldrel-osx-x86_64