CRAN Package Check Results for Package colorspace

Last updated on 2018-02-24 09:51:22 CET.

Flavor Version Tinstall Tcheck Ttotal Status Flags
r-devel-linux-x86_64-debian-clang 1.3-2 5.59 38.56 44.15 NOTE
r-devel-linux-x86_64-debian-gcc 1.3-2 4.12 30.58 34.70 NOTE
r-devel-linux-x86_64-fedora-clang 1.3-2 54.02 NOTE
r-devel-linux-x86_64-fedora-gcc 1.3-2 52.43 NOTE
r-devel-windows-ix86+x86_64 1.3-2 23.00 105.00 128.00 OK
r-patched-linux-x86_64 1.3-2 3.23 43.18 46.41 NOTE
r-patched-solaris-x86 1.3-2 70.50 OK
r-release-linux-x86_64 1.3-2 3.30 43.10 46.40 NOTE
r-release-windows-ix86+x86_64 1.3-2 12.00 93.00 105.00 OK
r-release-osx-x86_64 1.3-2 OK
r-oldrel-windows-ix86+x86_64 1.3-2 11.00 89.00 100.00 OK
r-oldrel-osx-x86_64 1.3-2 OK

Check Details

Version: 1.3-2
Check: compiled code
Result: NOTE
    File ‘colorspace/libs/colorspace.so’:
     Found no calls to: ‘R_registerRoutines’, ‘R_useDynamicSymbols’
    
    It is good practice to register native routines and to disable symbol
    search.
    
    See ‘Writing portable packages’ in the ‘Writing R Extensions’ manual.
Flavors: r-devel-linux-x86_64-debian-clang, r-devel-linux-x86_64-debian-gcc, r-devel-linux-x86_64-fedora-clang, r-devel-linux-x86_64-fedora-gcc, r-patched-linux-x86_64, r-release-linux-x86_64