Last updated on 2018-02-24 09:51:22 CET.
Flavor | Version | Tinstall | Tcheck | Ttotal | Status | Flags |
---|---|---|---|---|---|---|
r-devel-linux-x86_64-debian-clang | 1.00.0 | 2.95 | 18.67 | 21.62 | OK | |
r-devel-linux-x86_64-debian-gcc | 1.00.0 | 3.17 | 15.07 | 18.24 | OK | |
r-devel-linux-x86_64-fedora-clang | 1.00.0 | 26.77 | NOTE | |||
r-devel-linux-x86_64-fedora-gcc | 1.00.0 | 25.48 | NOTE | |||
r-devel-windows-ix86+x86_64 | 1.00.0 | 7.00 | 29.00 | 36.00 | OK | |
r-patched-linux-x86_64 | 1.00.0 | 3.47 | 18.06 | 21.53 | OK | |
r-patched-solaris-x86 | 1.00.0 | 40.30 | NOTE | |||
r-release-linux-x86_64 | 1.00.0 | 3.43 | 18.11 | 21.54 | OK | |
r-release-windows-ix86+x86_64 | 1.00.0 | 6.00 | 40.00 | 46.00 | OK | |
r-release-osx-x86_64 | 1.00.0 | NOTE | ||||
r-oldrel-windows-ix86+x86_64 | 1.00.0 | 5.00 | 31.00 | 36.00 | OK | |
r-oldrel-osx-x86_64 | 0.19 | NOTE |
Version: 1.00.0
Check: data for non-ASCII characters
Result: NOTE
Note: found 71324 marked UTF-8 strings
Flavors: r-devel-linux-x86_64-fedora-clang, r-devel-linux-x86_64-fedora-gcc, r-patched-solaris-x86, r-release-osx-x86_64
Version: 0.19
Check: data for non-ASCII characters
Result: NOTE
Note: found 765 marked UTF-8 strings
Flavor: r-oldrel-osx-x86_64