Last updated on 2018-02-24 09:51:22 CET.
Flavor | Version | Tinstall | Tcheck | Ttotal | Status | Flags |
---|---|---|---|---|---|---|
r-devel-linux-x86_64-debian-clang | 2.1.1 | 102.72 | 102.70 | 205.42 | OK | |
r-devel-linux-x86_64-debian-gcc | 2.1.1 | 88.58 | 82.03 | 170.61 | OK | |
r-devel-linux-x86_64-fedora-clang | 2.1.1 | 283.80 | NOTE | |||
r-devel-linux-x86_64-fedora-gcc | 2.1.1 | 266.13 | NOTE | |||
r-devel-windows-ix86+x86_64 | 2.1.1 | 253.00 | 150.00 | 403.00 | OK | --no-vignettes |
r-patched-linux-x86_64 | 2.1.1 | 106.14 | 103.19 | 209.33 | OK | |
r-patched-solaris-x86 | 2.1.1 | 315.50 | OK | |||
r-release-linux-x86_64 | 2.1.1 | 101.57 | 104.20 | 205.77 | OK | |
r-release-windows-ix86+x86_64 | 2.1.1 | 254.00 | 196.00 | 450.00 | OK | --no-vignettes |
r-release-osx-x86_64 | 2.1.1 | NOTE | ||||
r-oldrel-windows-ix86+x86_64 | 2.1.1 | 196.00 | 189.00 | 385.00 | OK | --no-vignettes |
r-oldrel-osx-x86_64 | 2.1.1 | OK |
Version: 2.1.1
Check: installed package size
Result: NOTE
installed size is 5.9Mb
sub-directories of 1Mb or more:
libs 5.3Mb
Flavors: r-devel-linux-x86_64-fedora-clang, r-devel-linux-x86_64-fedora-gcc
Version: 2.1.1
Check: package dependencies
Result: NOTE
Packages suggested but not available for checking: ‘rgdal’ ‘sf’
Flavor: r-release-osx-x86_64