CRAN Package Check Results for Package creditr

Last updated on 2018-02-24 09:51:23 CET.

Flavor Version Tinstall Tcheck Ttotal Status Flags
r-devel-linux-x86_64-debian-clang 0.6.1 18.16 70.87 89.03 NOTE
r-devel-linux-x86_64-debian-gcc 0.6.1 13.65 56.51 70.16 NOTE
r-devel-linux-x86_64-fedora-clang 0.6.1 106.66 NOTE
r-devel-linux-x86_64-fedora-gcc 0.6.1 104.66 NOTE
r-devel-windows-ix86+x86_64 0.6.1 84.00 147.00 231.00 OK
r-patched-linux-x86_64 0.6.1 16.19 77.70 93.89 NOTE
r-patched-solaris-x86 0.6.1 146.80 OK
r-release-linux-x86_64 0.6.1 15.05 77.49 92.54 NOTE
r-release-windows-ix86+x86_64 0.6.1 99.00 172.00 271.00 OK
r-release-osx-x86_64 0.6.1 NOTE
r-oldrel-windows-ix86+x86_64 0.6.1 71.00 112.00 183.00 OK
r-oldrel-osx-x86_64 0.6.1 OK

Additional issues

rchk

Check Details

Version: 0.6.1
Check: compiled code
Result: NOTE
    File ‘creditr/libs/creditr.so’:
     Found no calls to: ‘R_registerRoutines’, ‘R_useDynamicSymbols’
    
    It is good practice to register native routines and to disable symbol
    search.
    
    See ‘Writing portable packages’ in the ‘Writing R Extensions’ manual.
Flavors: r-devel-linux-x86_64-debian-clang, r-devel-linux-x86_64-debian-gcc, r-devel-linux-x86_64-fedora-clang, r-devel-linux-x86_64-fedora-gcc, r-patched-linux-x86_64, r-release-linux-x86_64

Version: 0.6.1
Check: re-building of vignette outputs
Result: NOTE
    Error in re-building vignettes:
     ...
    
    
    ISDA(R) is a registered mark of the International Swaps and
     Derivatives
    Association, Inc.
    
    Please type **yes** to assent to
     the aforementioned terms.
    
    Error in texi2dvi(file = file, pdf = TRUE, clean = clean, quiet = quiet, :
     Running 'texi2dvi' on 'creditr.tex' failed.
    LaTeX errors:
    ! LaTeX Error: File `tocbibind.sty' not found.
    
    Type X to quit or <RETURN> to proceed,
    or enter new name. (Default extension: sty)
    
    ! Emergency stop.
    <read *>
    
    l.17 \usepackage
     {tabularx}^^M
    ! ==> Fatal error occurred, no output PDF file produced!
    Calls: buildVignettes -> texi2pdf -> texi2dvi
    Execution halted
Flavor: r-release-osx-x86_64