Last updated on 2018-02-24 09:51:23 CET.
Flavor | Version | Tinstall | Tcheck | Ttotal | Status | Flags |
---|---|---|---|---|---|---|
r-devel-linux-x86_64-debian-clang | 0.1.1 | 2.59 | 31.46 | 34.05 | OK | |
r-devel-linux-x86_64-debian-gcc | 0.1.1 | 1.74 | 24.88 | 26.62 | OK | |
r-devel-linux-x86_64-fedora-clang | 0.1.1 | 41.87 | OK | |||
r-devel-linux-x86_64-fedora-gcc | 0.1.1 | 39.67 | OK | |||
r-devel-windows-ix86+x86_64 | 0.1.1 | 8.00 | 43.00 | 51.00 | OK | |
r-patched-linux-x86_64 | 0.1.1 | 1.54 | 34.05 | 35.59 | OK | |
r-patched-solaris-x86 | 0.1.1 | 57.80 | OK | |||
r-release-linux-x86_64 | 0.1.1 | 1.51 | 34.35 | 35.86 | OK | |
r-release-windows-ix86+x86_64 | 0.1.1 | 7.00 | 62.00 | 69.00 | OK | |
r-release-osx-x86_64 | 0.1.1 | OK | ||||
r-oldrel-windows-ix86+x86_64 | 0.1.1 | 4.00 | 45.00 | 49.00 | OK | |
r-oldrel-osx-x86_64 | 0.1.1 | WARN |
Version: 0.1.1
Check: package dependencies
Result: NOTE
Package suggested but not available for checking: ‘lumberjack’
Flavor: r-oldrel-osx-x86_64
Version: 0.1.1
Check: re-building of vignette outputs
Result: WARN
Error in re-building vignettes:
...
Warning in engine$weave(file, quiet = quiet, encoding = enc) :
Pandoc (>= 1.12.3) and/or pandoc-citeproc not available. Falling back to R Markdown v1.
Quitting from lines 125-136 (introduction.Rmd)
Error: processing vignette 'introduction.Rmd' failed with diagnostics:
there is no package called 'lumberjack'
Execution halted
Flavor: r-oldrel-osx-x86_64