CRAN Package Check Results for Package dicionariosIBGE

Last updated on 2018-02-24 09:51:24 CET.

Flavor Version Tinstall Tcheck Ttotal Status Flags
r-devel-linux-x86_64-debian-clang 1.6 1.54 20.08 21.62 NOTE
r-devel-linux-x86_64-debian-gcc 1.6 1.24 16.05 17.29 NOTE
r-devel-linux-x86_64-fedora-clang 1.6 26.15 NOTE
r-devel-linux-x86_64-fedora-gcc 1.6 24.68 NOTE
r-devel-windows-ix86+x86_64 1.6 5.00 30.00 35.00 NOTE
r-patched-linux-x86_64 1.6 1.24 18.87 20.11 NOTE
r-patched-solaris-x86 1.6 33.90 NOTE
r-release-linux-x86_64 1.6 1.18 18.80 19.98 NOTE
r-release-windows-ix86+x86_64 1.6 4.00 32.00 36.00 NOTE
r-release-osx-x86_64 1.6 NOTE
r-oldrel-windows-ix86+x86_64 1.6 4.00 31.00 35.00 NOTE
r-oldrel-osx-x86_64 1.6 NOTE

Check Details

Version: 1.6
Check: R code for possible problems
Result: NOTE
    le.pesquisa: no visible global function definition for ‘txtProgressBar’
    le.pesquisa: no visible global function definition for ‘type.convert’
    le.pesquisa: no visible global function definition for
     ‘setTxtProgressBar’
    Undefined global functions or variables:
     setTxtProgressBar txtProgressBar type.convert
    Consider adding
     importFrom("utils", "setTxtProgressBar", "txtProgressBar",
     "type.convert")
    to your NAMESPACE file.
Flavors: r-devel-linux-x86_64-debian-clang, r-devel-linux-x86_64-debian-gcc, r-devel-linux-x86_64-fedora-clang, r-devel-linux-x86_64-fedora-gcc, r-devel-windows-ix86+x86_64, r-patched-linux-x86_64, r-patched-solaris-x86, r-release-linux-x86_64, r-release-windows-ix86+x86_64, r-release-osx-x86_64, r-oldrel-windows-ix86+x86_64, r-oldrel-osx-x86_64

Version: 1.6
Check: data for non-ASCII characters
Result: NOTE
     Note: found 2297 marked UTF-8 strings
Flavors: r-devel-linux-x86_64-fedora-clang, r-devel-linux-x86_64-fedora-gcc, r-patched-solaris-x86, r-release-osx-x86_64, r-oldrel-osx-x86_64