Last updated on 2018-02-24 09:51:25 CET.
Flavor | Version | Tinstall | Tcheck | Ttotal | Status | Flags |
---|---|---|---|---|---|---|
r-devel-linux-x86_64-debian-clang | 0.1.9 | 2.09 | 30.28 | 32.37 | OK | |
r-devel-linux-x86_64-debian-gcc | 0.1.9 | 1.61 | 23.64 | 25.25 | OK | |
r-devel-linux-x86_64-fedora-clang | 0.1.9 | 38.61 | OK | |||
r-devel-linux-x86_64-fedora-gcc | 0.1.9 | 35.97 | OK | |||
r-devel-windows-ix86+x86_64 | 0.1.9 | 6.00 | 63.00 | 69.00 | OK | |
r-patched-linux-x86_64 | 0.1.9 | 2.02 | 29.06 | 31.08 | OK | |
r-patched-solaris-x86 | 0.1.9 | 51.90 | OK | |||
r-release-linux-x86_64 | 0.1.9 | 1.64 | 28.88 | 30.52 | OK | |
r-release-windows-ix86+x86_64 | 0.1.9 | 8.00 | 60.00 | 68.00 | OK | |
r-release-osx-x86_64 | 0.1.9 | NOTE | ||||
r-oldrel-windows-ix86+x86_64 | 0.1.9 | 5.00 | 40.00 | 45.00 | OK | |
r-oldrel-osx-x86_64 | 0.1.9 | OK |
Version: 0.1.9
Check: package dependencies
Result: NOTE
Package suggested but not available for checking: ‘devtools’
Flavor: r-release-osx-x86_64