Last updated on 2018-02-24 09:51:25 CET.
Flavor | Version | Tinstall | Tcheck | Ttotal | Status | Flags |
---|---|---|---|---|---|---|
r-devel-linux-x86_64-debian-clang | 1.0.0 | 2.41 | 35.44 | 37.85 | OK | |
r-devel-linux-x86_64-debian-gcc | 1.0.0 | 1.80 | 28.04 | 29.84 | OK | |
r-devel-linux-x86_64-fedora-clang | 1.0.0 | 43.94 | NOTE | |||
r-devel-linux-x86_64-fedora-gcc | 1.0.0 | 42.42 | NOTE | |||
r-devel-windows-ix86+x86_64 | 1.0.0 | 7.00 | 72.00 | 79.00 | OK | |
r-patched-linux-x86_64 | 1.0.0 | 1.98 | 39.32 | 41.30 | OK | |
r-patched-solaris-x86 | 1.0.0 | 65.80 | NOTE | |||
r-release-linux-x86_64 | 1.0.0 | 2.29 | 38.85 | 41.14 | OK | |
r-release-windows-ix86+x86_64 | 1.0.0 | 9.00 | 72.00 | 81.00 | OK | |
r-release-osx-x86_64 | 1.0.0 | NOTE | ||||
r-oldrel-windows-ix86+x86_64 | 1.0.0 | 6.00 | 46.00 | 52.00 | OK | |
r-oldrel-osx-x86_64 | 1.0.0 | NOTE |
Version: 1.0.0
Check: dependencies in R code
Result: NOTE
Namespaces in Imports field not imported from:
‘ggplot2’ ‘readr’
All declared Imports should be used.
Flavors: r-devel-linux-x86_64-fedora-clang, r-devel-linux-x86_64-fedora-gcc, r-patched-solaris-x86, r-release-osx-x86_64, r-oldrel-osx-x86_64