Last updated on 2018-02-24 09:51:25 CET.
Flavor | Version | Tinstall | Tcheck | Ttotal | Status | Flags |
---|---|---|---|---|---|---|
r-devel-linux-x86_64-debian-clang | 1.2.1 | 10.06 | 83.56 | 93.62 | OK | |
r-devel-linux-x86_64-debian-gcc | 1.2.1 | 11.40 | 68.53 | 79.93 | OK | |
r-devel-linux-x86_64-fedora-clang | 1.2.1 | 120.32 | NOTE | |||
r-devel-linux-x86_64-fedora-gcc | 1.2.1 | 116.73 | NOTE | |||
r-devel-windows-ix86+x86_64 | 1.2.1 | 25.00 | 113.00 | 138.00 | OK | |
r-patched-linux-x86_64 | 1.2.1 | 6.71 | 89.03 | 95.74 | OK | |
r-patched-solaris-x86 | 1.2.1 | 162.40 | NOTE | |||
r-release-linux-x86_64 | 1.2.1 | 7.51 | 88.44 | 95.95 | OK | |
r-release-windows-ix86+x86_64 | 1.2.1 | 19.00 | 133.00 | 152.00 | OK | |
r-release-osx-x86_64 | 1.2.1 | NOTE | ||||
r-oldrel-windows-ix86+x86_64 | 1.2.1 | 13.00 | 91.00 | 104.00 | OK | |
r-oldrel-osx-x86_64 | 1.1 | OK |
Version: 1.2.1
Check: dependencies in R code
Result: NOTE
Namespaces in Imports field not imported from:
‘maptools’ ‘tools’
All declared Imports should be used.
Flavors: r-devel-linux-x86_64-fedora-clang, r-devel-linux-x86_64-fedora-gcc, r-patched-solaris-x86, r-release-osx-x86_64