Last updated on 2018-02-24 09:51:25 CET.
Flavor | Version | Tinstall | Tcheck | Ttotal | Status | Flags |
---|---|---|---|---|---|---|
r-devel-linux-x86_64-debian-clang | 0.1.12-5 | 21.56 | 83.24 | 104.80 | OK | |
r-devel-linux-x86_64-debian-gcc | 0.1.12-5 | 17.07 | 65.96 | 83.03 | OK | |
r-devel-linux-x86_64-fedora-clang | 0.1.12-5 | 133.42 | NOTE | |||
r-devel-linux-x86_64-fedora-gcc | 0.1.12-5 | 122.73 | NOTE | |||
r-devel-windows-ix86+x86_64 | 0.1.12-5 | 62.00 | 159.00 | 221.00 | OK | |
r-patched-linux-x86_64 | 0.1.12-5 | 17.40 | 84.94 | 102.34 | OK | |
r-patched-solaris-x86 | 0.1.12-5 | 175.00 | NOTE | |||
r-release-linux-x86_64 | 0.1.12-5 | 17.62 | 84.72 | 102.34 | OK | |
r-release-windows-ix86+x86_64 | 0.1.12-5 | 72.00 | 178.00 | 250.00 | OK | |
r-release-osx-x86_64 | 0.1.12-5 | NOTE | ||||
r-oldrel-windows-ix86+x86_64 | 0.1.12-5 | 46.00 | 120.00 | 166.00 | OK | |
r-oldrel-osx-x86_64 | 0.1.11-8 | NOTE |
Version: 0.1.12-5
Check: dependencies in R code
Result: NOTE
Namespace in Imports field not imported from: ‘Rdpack’
All declared Imports should be used.
Flavors: r-devel-linux-x86_64-fedora-clang, r-devel-linux-x86_64-fedora-gcc, r-patched-solaris-x86, r-release-osx-x86_64
Version: 0.1.11-8
Check: installed package size
Result: NOTE
installed size is 7.9Mb
sub-directories of 1Mb or more:
libs 2.4Mb
models 4.3Mb
Flavor: r-oldrel-osx-x86_64
Version: 0.1.11-8
Check: dependencies in R code
Result: NOTE
Namespace in Imports field not imported from: ‘Rdpack’
All declared Imports should be used.
Flavor: r-oldrel-osx-x86_64