Last updated on 2018-02-24 09:51:25 CET.
Flavor | Version | Tinstall | Tcheck | Ttotal | Status | Flags |
---|---|---|---|---|---|---|
r-devel-linux-x86_64-debian-clang | 1.5-0 | 74.22 | 28.48 | 102.70 | OK | |
r-devel-linux-x86_64-debian-gcc | 1.5-0 | 70.68 | 22.37 | 93.05 | OK | |
r-devel-linux-x86_64-fedora-clang | 1.5-0 | 161.71 | NOTE | |||
r-devel-linux-x86_64-fedora-gcc | 1.5-0 | 151.01 | NOTE | |||
r-devel-windows-ix86+x86_64 | 1.5-0 | 180.00 | 90.00 | 270.00 | OK | |
r-patched-linux-x86_64 | 1.5-0 | 87.63 | 29.21 | 116.84 | OK | |
r-patched-solaris-x86 | 1.5-0 | 129.70 | OK | |||
r-release-linux-x86_64 | 1.5-0 | 86.74 | 29.25 | 115.99 | OK | |
r-release-windows-ix86+x86_64 | 1.4-0 | 223.00 | 104.00 | 327.00 | OK | |
r-release-osx-x86_64 | 1.5-0 | OK | ||||
r-oldrel-windows-ix86+x86_64 | 1.4-0 | 163.00 | 94.00 | 257.00 | OK | |
r-oldrel-osx-x86_64 | 1.4-0 | OK |
Version: 1.5-0
Check: installed package size
Result: NOTE
installed size is 5.1Mb
sub-directories of 1Mb or more:
libs 4.8Mb
Flavors: r-devel-linux-x86_64-fedora-clang, r-devel-linux-x86_64-fedora-gcc