Last updated on 2018-02-24 09:51:25 CET.
Flavor | Version | Tinstall | Tcheck | Ttotal | Status | Flags |
---|---|---|---|---|---|---|
r-devel-linux-x86_64-debian-clang | 0.3.1 | 4.88 | 48.37 | 53.25 | OK | |
r-devel-linux-x86_64-debian-gcc | 0.3.1 | 3.13 | 40.28 | 43.41 | OK | |
r-devel-linux-x86_64-fedora-clang | 0.3.1 | 61.45 | OK | |||
r-devel-linux-x86_64-fedora-gcc | 0.3.1 | 59.06 | OK | |||
r-devel-windows-ix86+x86_64 | 0.3.1 | 6.00 | 112.00 | 118.00 | OK | |
r-patched-linux-x86_64 | 0.3.1 | 4.41 | 57.96 | 62.37 | OK | |
r-patched-solaris-x86 | 0.3.1 | 106.10 | OK | |||
r-release-linux-x86_64 | 0.3.1 | 3.27 | 56.34 | 59.61 | OK | |
r-release-windows-ix86+x86_64 | 0.3.1 | 4.00 | 110.00 | 114.00 | OK | |
r-release-osx-x86_64 | 0.3.1 | OK | ||||
r-oldrel-windows-ix86+x86_64 | 0.3.0 | 4.00 | 167.00 | 171.00 | WARN | |
r-oldrel-osx-x86_64 | 0.3.0 | OK |
Version: 0.3.0
Check: re-building of vignette outputs
Result: WARN
Error in re-building vignettes:
...
Attaching package: 'dplyr'
The following objects are masked from 'package:stats':
filter, lag
The following objects are masked from 'package:base':
intersect, setdiff, setequal, union
Quitting from lines 108-113 (parsing.Rmd)
Error: processing vignette 'parsing.Rmd' failed with diagnostics:
argument is of length zero
Execution halted
Flavor: r-oldrel-windows-ix86+x86_64