Last updated on 2018-02-24 09:51:25 CET.
Flavor | Version | Tinstall | Tcheck | Ttotal | Status | Flags |
---|---|---|---|---|---|---|
r-devel-linux-x86_64-debian-clang | 1.0.1 | 24.53 | 35.11 | 59.64 | NOTE | |
r-devel-linux-x86_64-debian-gcc | 1.0.1 | 19.97 | 27.81 | 47.78 | NOTE | |
r-devel-linux-x86_64-fedora-clang | 1.0.1 | 81.43 | NOTE | |||
r-devel-linux-x86_64-fedora-gcc | 1.0.1 | 73.46 | NOTE | |||
r-devel-windows-ix86+x86_64 | 1.0.1 | 65.00 | 93.00 | 158.00 | OK | |
r-patched-linux-x86_64 | 1.0.1 | 19.62 | 37.24 | 56.86 | OK | |
r-patched-solaris-x86 | 1.0.1 | 87.90 | OK | |||
r-release-linux-x86_64 | 1.0.1 | 23.89 | 37.37 | 61.26 | OK | |
r-release-windows-ix86+x86_64 | 1.0.1 | 69.00 | 86.00 | 155.00 | OK | |
r-release-osx-x86_64 | 1.0.1 | OK | ||||
r-oldrel-windows-ix86+x86_64 | 1.0.1 | 50.00 | 67.00 | 117.00 | OK | |
r-oldrel-osx-x86_64 | 1.0.1 | OK |
Version: 1.0.1
Check: DESCRIPTION meta-information
Result: NOTE
Dependence on R version ‘3.3.1’ not with patchlevel 0
Flavors: r-devel-linux-x86_64-debian-clang, r-devel-linux-x86_64-debian-gcc, r-devel-linux-x86_64-fedora-clang, r-devel-linux-x86_64-fedora-gcc