Last updated on 2018-02-24 09:51:26 CET.
Flavor | Version | Tinstall | Tcheck | Ttotal | Status | Flags |
---|---|---|---|---|---|---|
r-devel-linux-x86_64-debian-clang | 0.1.2 | 6.20 | 74.14 | 80.34 | NOTE | |
r-devel-linux-x86_64-debian-gcc | 0.1.2 | 5.56 | 58.68 | 64.24 | NOTE | |
r-devel-linux-x86_64-fedora-clang | 0.1.2 | 100.00 | NOTE | |||
r-devel-linux-x86_64-fedora-gcc | 0.1.2 | 100.06 | NOTE | |||
r-devel-windows-ix86+x86_64 | 0.1.2 | 18.00 | 120.00 | 138.00 | OK | |
r-patched-linux-x86_64 | 0.1.2 | 5.65 | 78.74 | 84.39 | OK | |
r-patched-solaris-x86 | 0.1.2 | 168.10 | NOTE | |||
r-release-linux-x86_64 | 0.1.2 | 5.67 | 79.43 | 85.10 | OK | |
r-release-windows-ix86+x86_64 | 0.1.2 | 18.00 | 122.00 | 140.00 | OK | |
r-release-osx-x86_64 | 0.1.2 | NOTE | ||||
r-oldrel-osx-x86_64 | 0.1.2 | ERROR |
Version: 0.1.2
Check: DESCRIPTION meta-information
Result: NOTE
Dependence on R version ‘3.4.1’ not with patchlevel 0
Flavors: r-devel-linux-x86_64-debian-clang, r-devel-linux-x86_64-debian-gcc, r-devel-linux-x86_64-fedora-clang, r-devel-linux-x86_64-fedora-gcc
Version: 0.1.2
Check: dependencies in R code
Result: NOTE
Namespaces in Imports field not imported from:
‘magrittr’ ‘readr’
All declared Imports should be used.
Flavors: r-devel-linux-x86_64-fedora-clang, r-devel-linux-x86_64-fedora-gcc, r-patched-solaris-x86, r-release-osx-x86_64
Version: 0.1.2
Check: whether package can be installed
Result: ERROR
Installation failed.
Flavor: r-oldrel-osx-x86_64