CRAN Package Check Results for Package equivalence

Last updated on 2018-02-24 09:51:26 CET.

Flavor Version Tinstall Tcheck Ttotal Status Flags
r-devel-linux-x86_64-debian-clang 0.7.2 3.01 35.93 38.94 NOTE
r-devel-linux-x86_64-debian-gcc 0.7.2 3.51 28.56 32.07 NOTE
r-devel-linux-x86_64-fedora-clang 0.7.2 47.88 NOTE
r-devel-linux-x86_64-fedora-gcc 0.7.2 47.72 NOTE
r-devel-windows-ix86+x86_64 0.7.2 16.00 85.00 101.00 OK
r-patched-linux-x86_64 0.7.2 3.07 41.46 44.53 NOTE
r-patched-solaris-x86 0.7.2 64.00 OK
r-release-linux-x86_64 0.7.2 2.52 41.50 44.02 NOTE
r-release-windows-ix86+x86_64 0.7.2 19.00 97.00 116.00 OK
r-release-osx-x86_64 0.7.2 OK
r-oldrel-windows-ix86+x86_64 0.7.2 11.00 84.00 95.00 OK
r-oldrel-osx-x86_64 0.7.2 OK

Check Details

Version: 0.7.2
Check: compiled code
Result: NOTE
    File ‘equivalence/libs/equivalence.so’:
     Found no calls to: ‘R_registerRoutines’, ‘R_useDynamicSymbols’
    
    It is good practice to register native routines and to disable symbol
    search.
    
    See ‘Writing portable packages’ in the ‘Writing R Extensions’ manual.
Flavors: r-devel-linux-x86_64-debian-clang, r-devel-linux-x86_64-debian-gcc, r-devel-linux-x86_64-fedora-clang, r-devel-linux-x86_64-fedora-gcc, r-patched-linux-x86_64, r-release-linux-x86_64