Last updated on 2018-02-24 09:51:26 CET.
Flavor | Version | Tinstall | Tcheck | Ttotal | Status | Flags |
---|---|---|---|---|---|---|
r-devel-linux-x86_64-debian-clang | 3042.82 | 8.54 | 52.59 | 61.13 | NOTE | |
r-devel-linux-x86_64-debian-gcc | 3042.82 | 5.48 | 42.21 | 47.69 | NOTE | |
r-devel-linux-x86_64-fedora-clang | 3042.82 | 73.83 | NOTE | |||
r-devel-linux-x86_64-fedora-gcc | 3042.82 | 75.56 | NOTE | |||
r-devel-windows-ix86+x86_64 | 3042.82 | 21.00 | 114.00 | 135.00 | OK | |
r-patched-linux-x86_64 | 3042.82 | 5.71 | 57.15 | 62.86 | NOTE | |
r-patched-solaris-x86 | 3042.82 | 92.10 | OK | |||
r-release-linux-x86_64 | 3042.82 | 5.89 | 56.87 | 62.76 | NOTE | |
r-release-windows-ix86+x86_64 | 3042.82 | 18.00 | 119.00 | 137.00 | OK | |
r-release-osx-x86_64 | 3042.82 | OK | ||||
r-oldrel-windows-ix86+x86_64 | 3042.82 | 15.00 | 86.00 | 101.00 | OK | |
r-oldrel-osx-x86_64 | 3042.82 | OK |
Version: 3042.82
Check: compiled code
Result: NOTE
File ‘fAsianOptions/libs/fAsianOptions.so’:
Found no calls to: ‘R_registerRoutines’, ‘R_useDynamicSymbols’
It is good practice to register native routines and to disable symbol
search.
See ‘Writing portable packages’ in the ‘Writing R Extensions’ manual.
Flavors: r-devel-linux-x86_64-debian-clang, r-devel-linux-x86_64-debian-gcc, r-devel-linux-x86_64-fedora-clang, r-devel-linux-x86_64-fedora-gcc, r-patched-linux-x86_64, r-release-linux-x86_64