Last updated on 2018-02-24 09:51:27 CET.
Flavor | Version | Tinstall | Tcheck | Ttotal | Status | Flags |
---|---|---|---|---|---|---|
r-devel-linux-x86_64-debian-clang | 3042.79 | 4.66 | 70.20 | 74.86 | NOTE | |
r-devel-linux-x86_64-debian-gcc | 3042.79 | 4.22 | 53.14 | 57.36 | NOTE | |
r-devel-linux-x86_64-fedora-clang | 3042.79 | 90.60 | NOTE | |||
r-devel-linux-x86_64-fedora-gcc | 3042.79 | 92.42 | NOTE | |||
r-devel-windows-ix86+x86_64 | 3042.79 | 18.00 | 151.00 | 169.00 | OK | |
r-patched-linux-x86_64 | 3042.79 | 4.42 | 74.39 | 78.81 | NOTE | |
r-patched-solaris-x86 | 3042.79 | 118.00 | OK | |||
r-release-linux-x86_64 | 3042.79 | 4.45 | 73.50 | 77.95 | NOTE | |
r-release-windows-ix86+x86_64 | 3042.79 | 12.00 | 172.00 | 184.00 | OK | |
r-release-osx-x86_64 | 3042.79 | OK | ||||
r-oldrel-windows-ix86+x86_64 | 3042.79 | 10.00 | 119.00 | 129.00 | OK | |
r-oldrel-osx-x86_64 | 3042.79 | OK |
Version: 3042.79
Check: compiled code
Result: NOTE
File ‘fNonlinear/libs/fNonlinear.so’:
Found no calls to: ‘R_registerRoutines’, ‘R_useDynamicSymbols’
It is good practice to register native routines and to disable symbol
search.
See ‘Writing portable packages’ in the ‘Writing R Extensions’ manual.
Flavors: r-devel-linux-x86_64-debian-clang, r-devel-linux-x86_64-debian-gcc, r-devel-linux-x86_64-fedora-clang, r-devel-linux-x86_64-fedora-gcc, r-patched-linux-x86_64, r-release-linux-x86_64