Last updated on 2018-02-24 09:51:27 CET.
Flavor | Version | Tinstall | Tcheck | Ttotal | Status | Flags |
---|---|---|---|---|---|---|
r-devel-linux-x86_64-debian-clang | 0.9-8 | 1.37 | 19.31 | 20.68 | OK | |
r-devel-linux-x86_64-debian-gcc | 0.9-8 | 0.92 | 15.37 | 16.29 | OK | |
r-devel-linux-x86_64-fedora-clang | 0.9-8 | 25.64 | OK | |||
r-devel-linux-x86_64-fedora-gcc | 0.9-8 | 24.61 | OK | |||
r-devel-windows-ix86+x86_64 | 0.9-8 | 10.00 | 45.00 | 55.00 | OK | |
r-patched-linux-x86_64 | 0.9-8 | 1.38 | 18.11 | 19.49 | OK | |
r-patched-solaris-x86 | 0.9-8 | 33.70 | OK | |||
r-release-linux-x86_64 | 0.9-8 | 1.29 | 18.08 | 19.37 | OK | |
r-release-windows-ix86+x86_64 | 0.9-8 | 9.00 | 41.00 | 50.00 | OK | |
r-release-osx-x86_64 | 0.9-8 | NOTE | ||||
r-oldrel-windows-ix86+x86_64 | 0.9-8 | 10.00 | 43.00 | 53.00 | OK | |
r-oldrel-osx-x86_64 | 0.9-8 | OK |
Version: 0.9-8
Check: re-building of vignette outputs
Result: NOTE
Error in re-building vignettes:
...
Error in texi2dvi(file = file, pdf = TRUE, clean = clean, quiet = quiet, :
Running 'texi2dvi' on 'testTimeAndSimpleUse.tex' failed.
LaTeX errors:
! LaTeX Error: File `fullpage.sty' not found.
Type X to quit or <RETURN> to proceed,
or enter new name. (Default extension: sty)
! Emergency stop.
<read *>
l.9 \usepackage
[utf8]{inputenc}^^M
! ==> Fatal error occurred, no output PDF file produced!
Calls: buildVignettes -> texi2pdf -> texi2dvi
Execution halted
Flavor: r-release-osx-x86_64