CRAN Package Check Results for Package foghorn

Last updated on 2018-02-24 09:51:27 CET.

Flavor Version Tinstall Tcheck Ttotal Status Flags
r-devel-linux-x86_64-debian-clang 1.0.0 2.50 36.64 39.14 NOTE
r-devel-linux-x86_64-debian-gcc 1.0.0 2.02 29.37 31.39 NOTE
r-devel-linux-x86_64-fedora-clang 1.0.0 45.30 NOTE
r-devel-linux-x86_64-fedora-gcc 1.0.0 42.96 NOTE
r-devel-windows-ix86+x86_64 1.0.0 6.00 66.00 72.00 OK
r-patched-linux-x86_64 1.0.0 1.67 42.80 44.47 OK
r-patched-solaris-x86 1.0.0 69.20 OK
r-release-linux-x86_64 1.0.0 1.31 42.37 43.68 OK
r-release-windows-ix86+x86_64 1.0.0 10.00 74.00 84.00 OK
r-release-osx-x86_64 1.0.0 OK
r-oldrel-windows-ix86+x86_64 1.0.0 5.00 47.00 52.00 OK
r-oldrel-osx-x86_64 1.0.0 OK

Check Details

Version: 1.0.0
Check: DESCRIPTION meta-information
Result: NOTE
    Dependence on R version ‘3.3.1’ not with patchlevel 0
Flavors: r-devel-linux-x86_64-debian-clang, r-devel-linux-x86_64-debian-gcc, r-devel-linux-x86_64-fedora-clang, r-devel-linux-x86_64-fedora-gcc