Last updated on 2018-02-24 09:51:28 CET.
Flavor | Version | Tinstall | Tcheck | Ttotal | Status | Flags |
---|---|---|---|---|---|---|
r-devel-linux-x86_64-debian-clang | 0.1.0 | 6.67 | 92.62 | 99.29 | OK | |
r-devel-linux-x86_64-debian-gcc | 0.1.0 | 6.43 | 72.91 | 79.34 | OK | |
r-devel-linux-x86_64-fedora-clang | 0.1.0 | 126.15 | OK | |||
r-devel-linux-x86_64-fedora-gcc | 0.1.0 | 117.18 | OK | |||
r-devel-windows-ix86+x86_64 | 0.1.0 | 19.00 | 140.00 | 159.00 | OK | |
r-patched-linux-x86_64 | 0.1.0 | 5.49 | 92.12 | 97.61 | OK | |
r-patched-solaris-x86 | 0.1.0 | 185.80 | OK | |||
r-release-linux-x86_64 | 0.1.0 | 7.67 | 92.76 | 100.43 | OK | |
r-release-windows-ix86+x86_64 | 0.1.0 | 19.00 | 150.00 | 169.00 | OK | |
r-release-osx-x86_64 | 0.1.0 | OK | ||||
r-oldrel-osx-x86_64 | 0.1.0 | ERROR |
Version: 0.1.0
Check: whether package can be installed
Result: ERROR
Installation failed.
Flavor: r-oldrel-osx-x86_64