CRAN Package Check Results for Package fts

Last updated on 2018-02-24 09:51:28 CET.

Flavor Version Tinstall Tcheck Ttotal Status Flags
r-devel-linux-x86_64-debian-clang 0.9.9 23.44 21.37 44.81 NOTE
r-devel-linux-x86_64-debian-gcc 0.9.9 22.96 17.16 40.12 NOTE
r-devel-linux-x86_64-fedora-clang 0.9.9 66.06 NOTE
r-devel-linux-x86_64-fedora-gcc 0.9.9 60.63 NOTE
r-devel-windows-ix86+x86_64 0.9.9 85.00 64.00 149.00 NOTE
r-patched-linux-x86_64 0.9.9 24.25 21.82 46.07 NOTE
r-patched-solaris-x86 0.9.9 65.90 NOTE
r-release-linux-x86_64 0.9.9 24.17 21.96 46.13 NOTE
r-release-windows-ix86+x86_64 0.9.9 58.00 60.00 118.00 NOTE
r-release-osx-x86_64 0.9.9 NOTE
r-oldrel-windows-ix86+x86_64 0.9.9 60.00 69.00 129.00 NOTE
r-oldrel-osx-x86_64 0.9.9 NOTE

Additional issues

clang-UBSAN gcc-UBSAN rchk

Check Details

Version: 0.9.9
Check: DESCRIPTION meta-information
Result: NOTE
    Malformed Description field: should contain one or more complete sentences.
Flavors: r-devel-linux-x86_64-debian-clang, r-devel-linux-x86_64-debian-gcc, r-devel-linux-x86_64-fedora-clang, r-devel-linux-x86_64-fedora-gcc, r-devel-windows-ix86+x86_64, r-patched-linux-x86_64, r-patched-solaris-x86, r-release-linux-x86_64, r-release-windows-ix86+x86_64, r-release-osx-x86_64, r-oldrel-windows-ix86+x86_64, r-oldrel-osx-x86_64

Version: 0.9.9
Check: S3 generic/method consistency
Result: NOTE
    Found the following apparent S3 methods exported but not registered:
     [<-.fts as.data.frame.fts as.fts.data.frame as.fts.default as.fts.zoo
     as.matrix.fts cbind.fts diff.fts lead.fts rbind.fts
    See section ‘Registering S3 methods’ in the ‘Writing R Extensions’
    manual.
Flavors: r-devel-linux-x86_64-debian-clang, r-devel-linux-x86_64-debian-gcc, r-devel-linux-x86_64-fedora-clang, r-devel-linux-x86_64-fedora-gcc, r-patched-linux-x86_64, r-patched-solaris-x86, r-release-linux-x86_64

Version: 0.9.9
Check: R code for possible problems
Result: NOTE
    cor.by.row: no visible global function definition for ‘cor’
    plot.fts: no visible global function definition for ‘plot’
    plot.fts: no visible global function definition for ‘xy.coords’
    plot.fts: no visible binding for global variable ‘plot.xy’
    read.csv.fts: no visible global function definition for ‘read.csv’
    write.csv.fts: no visible global function definition for ‘write.csv’
    Undefined global functions or variables:
     cor plot plot.xy read.csv write.csv xy.coords
    Consider adding
     importFrom("grDevices", "xy.coords")
     importFrom("graphics", "plot", "plot.xy")
     importFrom("stats", "cor")
     importFrom("utils", "read.csv", "write.csv")
    to your NAMESPACE file.
Flavors: r-devel-linux-x86_64-debian-clang, r-devel-linux-x86_64-debian-gcc, r-devel-linux-x86_64-fedora-clang, r-devel-linux-x86_64-fedora-gcc, r-devel-windows-ix86+x86_64, r-patched-linux-x86_64, r-patched-solaris-x86, r-release-linux-x86_64, r-release-windows-ix86+x86_64, r-release-osx-x86_64, r-oldrel-windows-ix86+x86_64, r-oldrel-osx-x86_64

Version: 0.9.9
Check: compiled code
Result: NOTE
    File ‘fts/libs/fts.so’:
     Found no calls to: ‘R_registerRoutines’, ‘R_useDynamicSymbols’
    
    It is good practice to register native routines and to disable symbol
    search.
    
    See ‘Writing portable packages’ in the ‘Writing R Extensions’ manual.
Flavors: r-devel-linux-x86_64-debian-clang, r-devel-linux-x86_64-debian-gcc, r-devel-linux-x86_64-fedora-clang, r-devel-linux-x86_64-fedora-gcc, r-patched-linux-x86_64, r-release-linux-x86_64