CRAN Package Check Results for Package fullfact

Last updated on 2018-02-24 09:51:28 CET.

Flavor Version Tinstall Tcheck Ttotal Status Flags
r-devel-linux-x86_64-debian-clang 1.2 14.28 138.20 152.48 NOTE
r-devel-linux-x86_64-debian-gcc 1.2 13.01 106.40 119.41 NOTE
r-devel-linux-x86_64-fedora-clang 1.2 188.69 NOTE
r-devel-linux-x86_64-fedora-gcc 1.2 185.31 NOTE
r-devel-windows-ix86+x86_64 1.2 36.00 212.00 248.00 OK
r-patched-linux-x86_64 1.2 7.18 148.80 155.98 OK
r-patched-solaris-x86 1.2 253.40 OK
r-release-linux-x86_64 1.2 6.32 148.98 155.30 OK
r-release-windows-ix86+x86_64 1.2 24.00 205.00 229.00 OK
r-release-osx-x86_64 1.2 OK
r-oldrel-windows-ix86+x86_64 1.2 20.00 156.00 176.00 OK
r-oldrel-osx-x86_64 1.2 ERROR

Check Details

Version: 1.2
Check: DESCRIPTION meta-information
Result: NOTE
    Dependence on R version ‘3.3.3’ not with patchlevel 0
Flavors: r-devel-linux-x86_64-debian-clang, r-devel-linux-x86_64-debian-gcc, r-devel-linux-x86_64-fedora-clang, r-devel-linux-x86_64-fedora-gcc

Version: 1.2
Check: whether package can be installed
Result: ERROR
    Installation failed.
Flavor: r-oldrel-osx-x86_64