Last updated on 2018-02-24 09:51:28 CET.
Flavor | Version | Tinstall | Tcheck | Ttotal | Status | Flags |
---|---|---|---|---|---|---|
r-devel-linux-x86_64-debian-clang | 1.0.3 | 25.92 | 28.99 | 54.91 | NOTE | |
r-devel-linux-x86_64-debian-gcc | 1.0.3 | 19.09 | 22.82 | 41.91 | NOTE | |
r-devel-linux-x86_64-fedora-clang | 1.0.3 | 71.90 | NOTE | |||
r-devel-linux-x86_64-fedora-gcc | 1.0.3 | 68.19 | NOTE | |||
r-devel-windows-ix86+x86_64 | 1.0.3 | 77.00 | 108.00 | 185.00 | OK | |
r-patched-linux-x86_64 | 1.0.3 | 24.63 | 31.45 | 56.08 | OK | |
r-patched-solaris-x86 | 1.0.3 | 120.30 | OK | |||
r-release-linux-x86_64 | 1.0.3 | 21.66 | 31.35 | 53.01 | OK | |
r-release-windows-ix86+x86_64 | 1.0.3 | 75.00 | 112.00 | 187.00 | OK | |
r-release-osx-x86_64 | 1.0.3 | OK | ||||
r-oldrel-windows-ix86+x86_64 | 1.0.3 | 53.00 | 98.00 | 151.00 | OK | |
r-oldrel-osx-x86_64 | 1.0.3 | OK |
Version: 1.0.3
Check: DESCRIPTION meta-information
Result: NOTE
Dependence on R version ‘3.3.1’ not with patchlevel 0
Flavors: r-devel-linux-x86_64-debian-clang, r-devel-linux-x86_64-debian-gcc, r-devel-linux-x86_64-fedora-clang, r-devel-linux-x86_64-fedora-gcc