Last updated on 2018-02-24 09:51:29 CET.
Flavor | Version | Tinstall | Tcheck | Ttotal | Status | Flags |
---|---|---|---|---|---|---|
r-devel-linux-x86_64-debian-clang | 0.6.0 | 3.11 | 63.48 | 66.59 | OK | |
r-devel-linux-x86_64-debian-gcc | 0.6.0 | 3.27 | 49.33 | 52.60 | OK | |
r-devel-linux-x86_64-fedora-clang | 0.6.0 | 80.25 | OK | |||
r-devel-linux-x86_64-fedora-gcc | 0.6.0 | 82.80 | OK | |||
r-devel-windows-ix86+x86_64 | 0.6.0 | 9.00 | 119.00 | 128.00 | OK | |
r-patched-linux-x86_64 | 0.6.0 | 2.40 | 74.87 | 77.27 | OK | |
r-patched-solaris-x86 | 0.6.0 | 111.60 | OK | |||
r-release-linux-x86_64 | 0.6.0 | 2.41 | 76.77 | 79.18 | OK | |
r-release-windows-ix86+x86_64 | 0.6.0 | 10.00 | 120.00 | 130.00 | OK | |
r-release-osx-x86_64 | 0.6.0 | OK | ||||
r-oldrel-windows-ix86+x86_64 | 0.6.0 | 6.00 | 75.00 | 81.00 | OK | |
r-oldrel-osx-x86_64 | 0.5.0 | NOTE |
Version: 0.5.0
Check: dependencies in R code
Result: NOTE
Namespaces in Imports field not imported from:
‘alluvial’ ‘grid’
All declared Imports should be used.
Flavor: r-oldrel-osx-x86_64