Last updated on 2018-02-24 09:51:29 CET.
Flavor | Version | Tinstall | Tcheck | Ttotal | Status | Flags |
---|---|---|---|---|---|---|
r-devel-linux-x86_64-debian-clang | 0.4.2 | 8.99 | 269.07 | 278.06 | OK | |
r-devel-linux-x86_64-debian-gcc | 0.4.2 | 7.83 | 195.03 | 202.86 | OK | |
r-devel-linux-x86_64-fedora-clang | 0.4.2 | 325.81 | OK | |||
r-devel-linux-x86_64-fedora-gcc | 0.4.2 | 324.67 | OK | |||
r-devel-windows-ix86+x86_64 | 0.4.2 | 23.00 | 357.00 | 380.00 | OK | |
r-patched-linux-x86_64 | 0.4.2 | 3.21 | 310.66 | 313.87 | OK | |
r-patched-solaris-x86 | 0.4.2 | 426.10 | OK | |||
r-release-linux-x86_64 | 0.4.2 | 3.63 | 303.58 | 307.21 | OK | |
r-release-windows-ix86+x86_64 | 0.4.2 | 13.00 | 397.00 | 410.00 | OK | |
r-release-osx-x86_64 | 0.4.2 | OK | ||||
r-oldrel-windows-ix86+x86_64 | 0.4.2 | 10.00 | 291.00 | 301.00 | OK | |
r-oldrel-osx-x86_64 | 0.4.1 | NOTE |
Version: 0.4.1
Check: installed package size
Result: NOTE
installed size is 5.4Mb
sub-directories of 1Mb or more:
doc 5.0Mb
Flavor: r-oldrel-osx-x86_64