Last updated on 2018-02-24 09:51:29 CET.
Flavor | Version | Tinstall | Tcheck | Ttotal | Status | Flags |
---|---|---|---|---|---|---|
r-devel-linux-x86_64-debian-clang | 0.1.3 | 4.33 | 43.64 | 47.97 | OK | |
r-devel-linux-x86_64-debian-gcc | 0.1.3 | 2.78 | 34.18 | 36.96 | OK | |
r-devel-linux-x86_64-fedora-clang | 0.1.3 | 57.91 | NOTE | |||
r-devel-linux-x86_64-fedora-gcc | 0.1.3 | 59.70 | NOTE | |||
r-devel-windows-ix86+x86_64 | 0.1.3 | 13.00 | 96.00 | 109.00 | OK | |
r-patched-linux-x86_64 | 0.1.3 | 2.50 | 45.42 | 47.92 | OK | |
r-patched-solaris-x86 | 0.1.3 | 77.70 | NOTE | |||
r-release-linux-x86_64 | 0.1.3 | 2.90 | 45.04 | 47.94 | OK | |
r-release-windows-ix86+x86_64 | 0.1.3 | 12.00 | 80.00 | 92.00 | OK | |
r-release-osx-x86_64 | 0.1.3 | NOTE | ||||
r-oldrel-windows-ix86+x86_64 | 0.1.3 | 8.00 | 59.00 | 67.00 | OK | |
r-oldrel-osx-x86_64 | 0.1.3 | NOTE |
Version: 0.1.3
Check: dependencies in R code
Result: NOTE
Namespaces in Imports field not imported from:
‘gcookbook’ ‘ggthemes’ ‘moonBook’ ‘tidyverse’
All declared Imports should be used.
Flavors: r-devel-linux-x86_64-fedora-clang, r-devel-linux-x86_64-fedora-gcc, r-patched-solaris-x86, r-release-osx-x86_64, r-oldrel-osx-x86_64