Last updated on 2018-02-24 09:51:29 CET.
Flavor | Version | Tinstall | Tcheck | Ttotal | Status | Flags |
---|---|---|---|---|---|---|
r-devel-linux-x86_64-debian-clang | 0.2.16 | 3.27 | 130.60 | 133.87 | NOTE | |
r-devel-linux-x86_64-debian-gcc | 0.2.16 | 3.46 | 101.66 | 105.12 | NOTE | |
r-devel-linux-x86_64-fedora-clang | 0.2.16 | 159.35 | NOTE | |||
r-devel-linux-x86_64-fedora-gcc | 0.2.16 | 155.62 | NOTE | |||
r-devel-windows-ix86+x86_64 | 0.2.16 | 13.00 | 187.00 | 200.00 | OK | |
r-patched-linux-x86_64 | 0.2.16 | 4.10 | 153.07 | 157.17 | OK | |
r-patched-solaris-x86 | 0.2.16 | 220.00 | OK | |||
r-release-linux-x86_64 | 0.2.16 | 5.19 | 147.06 | 152.25 | OK | |
r-release-windows-ix86+x86_64 | 0.2.16 | 12.00 | 199.00 | 211.00 | OK | |
r-release-osx-x86_64 | 0.2.16 | OK | ||||
r-oldrel-windows-ix86+x86_64 | 0.2.16 | 7.00 | 142.00 | 149.00 | OK | |
r-oldrel-osx-x86_64 | 0.2.16 | ERROR |
Version: 0.2.16
Check: DESCRIPTION meta-information
Result: NOTE
Dependence on R version ‘3.3.3’ not with patchlevel 0
Flavors: r-devel-linux-x86_64-debian-clang, r-devel-linux-x86_64-debian-gcc, r-devel-linux-x86_64-fedora-clang, r-devel-linux-x86_64-fedora-gcc
Version: 0.2.16
Check: whether package can be installed
Result: ERROR
Installation failed.
Flavor: r-oldrel-osx-x86_64