Last updated on 2018-02-24 09:51:29 CET.
Flavor | Version | Tinstall | Tcheck | Ttotal | Status | Flags |
---|---|---|---|---|---|---|
r-devel-linux-x86_64-debian-clang | 0.4.1 | 3.29 | 63.91 | 67.20 | OK | |
r-devel-linux-x86_64-debian-gcc | 0.4.1 | 3.45 | 50.73 | 54.18 | OK | |
r-devel-linux-x86_64-fedora-clang | 0.4.1 | 78.22 | NOTE | |||
r-devel-linux-x86_64-fedora-gcc | 0.4.1 | 80.97 | NOTE | |||
r-devel-windows-ix86+x86_64 | 0.4.1 | 9.00 | 113.00 | 122.00 | OK | |
r-patched-linux-x86_64 | 0.4.1 | 2.19 | 78.04 | 80.23 | OK | |
r-patched-solaris-x86 | 0.4.1 | 119.70 | NOTE | |||
r-release-linux-x86_64 | 0.4.1 | 2.21 | 77.13 | 79.34 | OK | |
r-release-windows-ix86+x86_64 | 0.4.1 | 8.00 | 116.00 | 124.00 | OK | |
r-release-osx-x86_64 | 0.4.1 | NOTE | ||||
r-oldrel-windows-ix86+x86_64 | 0.4.1 | 5.00 | 77.00 | 82.00 | OK | |
r-oldrel-osx-x86_64 | 0.4.1 | NOTE |
Version: 0.4.1
Check: data for non-ASCII characters
Result: NOTE
Note: found 6242 marked UTF-8 strings
Flavors: r-devel-linux-x86_64-fedora-clang, r-devel-linux-x86_64-fedora-gcc, r-patched-solaris-x86, r-release-osx-x86_64, r-oldrel-osx-x86_64