Last updated on 2018-02-24 09:51:30 CET.
Flavor | Version | Tinstall | Tcheck | Ttotal | Status | Flags |
---|---|---|---|---|---|---|
r-devel-linux-x86_64-debian-clang | 1.9-10.3 | 10.40 | 44.75 | 55.15 | NOTE | |
r-devel-linux-x86_64-debian-gcc | 1.9-10.3 | 9.26 | 34.13 | 43.39 | NOTE | |
r-devel-linux-x86_64-fedora-clang | 1.9-10.3 | 68.97 | NOTE | |||
r-devel-linux-x86_64-fedora-gcc | 1.9-10.3 | 67.30 | NOTE | |||
r-devel-windows-ix86+x86_64 | 1.9-10.3 | 59.00 | 69.00 | 128.00 | OK | |
r-patched-linux-x86_64 | 1.9-10.3 | 6.15 | 46.07 | 52.22 | NOTE | |
r-patched-solaris-x86 | 1.9-10.3 | 87.10 | OK | |||
r-release-linux-x86_64 | 1.9-10.3 | 6.40 | 45.98 | 52.38 | NOTE | |
r-release-windows-ix86+x86_64 | 1.9-10.3 | 37.00 | 66.00 | 103.00 | OK | |
r-release-osx-x86_64 | 1.9-10.3 | OK | ||||
r-oldrel-windows-ix86+x86_64 | 1.9-10.3 | 39.00 | 91.00 | 130.00 | OK | |
r-oldrel-osx-x86_64 | 1.9-10.3 | OK |
Version: 1.9-10.3
Check: compiled code
Result: NOTE
File ‘gsl/libs/gsl.so’:
Found no calls to: ‘R_registerRoutines’, ‘R_useDynamicSymbols’
It is good practice to register native routines and to disable symbol
search.
See ‘Writing portable packages’ in the ‘Writing R Extensions’ manual.
Flavors: r-devel-linux-x86_64-debian-clang, r-devel-linux-x86_64-debian-gcc, r-devel-linux-x86_64-fedora-clang, r-devel-linux-x86_64-fedora-gcc, r-patched-linux-x86_64, r-release-linux-x86_64