CRAN Package Check Results for Package gutenbergr

Last updated on 2018-02-24 09:51:30 CET.

Flavor Version Tinstall Tcheck Ttotal Status Flags
r-devel-linux-x86_64-debian-clang 0.1.4 5.95 58.18 64.13 OK
r-devel-linux-x86_64-debian-gcc 0.1.4 4.32 45.46 49.78 OK
r-devel-linux-x86_64-fedora-clang 0.1.4 75.12 NOTE
r-devel-linux-x86_64-fedora-gcc 0.1.4 75.41 NOTE
r-devel-windows-ix86+x86_64 0.1.4 11.00 113.00 124.00 OK
r-patched-linux-x86_64 0.1.4 5.09 65.46 70.55 OK
r-patched-solaris-x86 0.1.4 118.50 NOTE
r-release-linux-x86_64 0.1.4 5.23 63.30 68.53 OK
r-release-windows-ix86+x86_64 0.1.4 12.00 120.00 132.00 OK
r-release-osx-x86_64 0.1.4 NOTE
r-oldrel-windows-ix86+x86_64 0.1.4 10.00 86.00 96.00 OK
r-oldrel-osx-x86_64 0.1.3 NOTE

Check Details

Version: 0.1.4
Check: data for non-ASCII characters
Result: NOTE
     Note: found 13617 marked UTF-8 strings
Flavors: r-devel-linux-x86_64-fedora-clang, r-devel-linux-x86_64-fedora-gcc, r-patched-solaris-x86, r-release-osx-x86_64

Version: 0.1.3
Check: data for non-ASCII characters
Result: NOTE
     Note: found 13617 marked UTF-8 strings
Flavor: r-oldrel-osx-x86_64