Last updated on 2018-02-24 09:51:30 CET.
Flavor | Version | Tinstall | Tcheck | Ttotal | Status | Flags |
---|---|---|---|---|---|---|
r-devel-linux-x86_64-debian-clang | 0.2.3 | 1.95 | 36.54 | 38.49 | OK | |
r-devel-linux-x86_64-debian-gcc | 0.2.3 | 2.31 | 28.51 | 30.82 | OK | |
r-devel-windows-ix86+x86_64 | 0.2.3 | 3.00 | 5.00 | 8.00 | ERROR | |
r-patched-linux-x86_64 | 0.2.3 | 2.32 | 37.21 | 39.53 | OK | |
r-patched-solaris-x86 | 0.2.3 | 62.00 | OK | |||
r-release-linux-x86_64 | 0.2.3 | 2.92 | 35.03 | 37.95 | OK | |
r-release-windows-ix86+x86_64 | 0.2.3 | 12.00 | 64.00 | 76.00 | OK | |
r-release-osx-x86_64 | 0.2.3 | ERROR | ||||
r-oldrel-windows-ix86+x86_64 | 0.2.3 | 2.00 | 5.00 | 7.00 | ERROR | |
r-oldrel-osx-x86_64 | 0.2.3 | ERROR |
Version: 0.2.3
Check: whether package can be installed
Result: ERROR
Installation failed.
Flavor: r-devel-windows-ix86+x86_64
Version: 0.2.3
Check: package dependencies
Result: ERROR
Package required but not available: ‘ggtree’
See section ‘The DESCRIPTION file’ in the ‘Writing R Extensions’
manual.
Flavor: r-release-osx-x86_64
Version: 0.2.3
Check: package dependencies
Result: ERROR
Package required and available but unsuitable version: 'ggtree'
See section 'The DESCRIPTION file' in the 'Writing R Extensions'
manual.
Flavors: r-oldrel-windows-ix86+x86_64, r-oldrel-osx-x86_64