CRAN Package Check Results for Package hurricaneexposure

Last updated on 2018-02-24 09:51:31 CET.

Flavor Version Tinstall Tcheck Ttotal Status Flags
r-devel-linux-x86_64-debian-clang 0.0.1 2.04 35.81 37.85 NOTE
r-devel-linux-x86_64-debian-gcc 0.0.1 2.06 28.30 30.36 NOTE
r-devel-linux-x86_64-fedora-clang 0.0.1 46.83 NOTE
r-devel-linux-x86_64-fedora-gcc 0.0.1 43.99 NOTE
r-devel-windows-ix86+x86_64 0.0.1 9.00 63.00 72.00 NOTE
r-patched-linux-x86_64 0.0.1 2.34 38.45 40.79 NOTE
r-patched-solaris-x86 0.0.1 64.00 NOTE
r-release-linux-x86_64 0.0.1 2.25 38.14 40.39 NOTE
r-release-windows-ix86+x86_64 0.0.1 10.00 71.00 81.00 NOTE
r-release-osx-x86_64 0.0.1 NOTE
r-oldrel-windows-ix86+x86_64 0.0.1 7.00 48.00 55.00 NOTE
r-oldrel-osx-x86_64 0.0.1 NOTE

Check Details

Version: 0.0.1
Check: package dependencies
Result: NOTE
    Package suggested but not available for checking: ‘hurricaneexposuredata’
Flavors: r-devel-linux-x86_64-debian-clang, r-devel-linux-x86_64-debian-gcc, r-devel-linux-x86_64-fedora-clang, r-devel-linux-x86_64-fedora-gcc, r-devel-windows-ix86+x86_64, r-patched-linux-x86_64, r-patched-solaris-x86, r-release-linux-x86_64, r-release-windows-ix86+x86_64, r-release-osx-x86_64, r-oldrel-windows-ix86+x86_64, r-oldrel-osx-x86_64