Last updated on 2018-02-24 09:51:33 CET.
Flavor | Version | Tinstall | Tcheck | Ttotal | Status | Flags |
---|---|---|---|---|---|---|
r-devel-linux-x86_64-debian-clang | 1.1-1 | 2.97 | 21.72 | 24.69 | NOTE | |
r-devel-linux-x86_64-debian-gcc | 1.1-1 | 2.44 | 17.29 | 19.73 | NOTE | |
r-devel-linux-x86_64-fedora-clang | 1.1-1 | 29.90 | NOTE | |||
r-devel-linux-x86_64-fedora-gcc | 1.1-1 | 28.53 | NOTE | |||
r-devel-windows-ix86+x86_64 | 1.1-1 | 8.00 | 39.00 | 47.00 | OK | |
r-patched-linux-x86_64 | 1.1-1 | 2.56 | 22.24 | 24.80 | NOTE | |
r-patched-solaris-x86 | 1.1-1 | 44.00 | OK | |||
r-release-linux-x86_64 | 1.1-1 | 2.10 | 21.95 | 24.05 | NOTE | |
r-release-windows-ix86+x86_64 | 1.1-1 | 16.00 | 54.00 | 70.00 | OK | |
r-release-osx-x86_64 | 1.1-1 | OK | ||||
r-oldrel-windows-ix86+x86_64 | 1.1-1 | 9.00 | 53.00 | 62.00 | OK | |
r-oldrel-osx-x86_64 | 1.1-1 | OK |
Version: 1.1-1
Check: compiled code
Result: NOTE
File ‘iRafNet/libs/iRafNet.so’:
Found no calls to: ‘R_registerRoutines’, ‘R_useDynamicSymbols’
It is good practice to register native routines and to disable symbol
search.
See ‘Writing portable packages’ in the ‘Writing R Extensions’ manual.
Flavors: r-devel-linux-x86_64-debian-clang, r-devel-linux-x86_64-debian-gcc, r-devel-linux-x86_64-fedora-clang, r-devel-linux-x86_64-fedora-gcc, r-patched-linux-x86_64, r-release-linux-x86_64