Last updated on 2018-02-24 09:51:32 CET.
Flavor | Version | Tinstall | Tcheck | Ttotal | Status | Flags |
---|---|---|---|---|---|---|
r-devel-linux-x86_64-debian-clang | 0.3.0 | 1.65 | 25.46 | 27.11 | OK | |
r-devel-linux-x86_64-debian-gcc | 0.3.0 | 1.83 | 20.08 | 21.91 | OK | |
r-devel-linux-x86_64-fedora-clang | 0.3.0 | 31.48 | NOTE | |||
r-devel-linux-x86_64-fedora-gcc | 0.3.0 | 30.61 | NOTE | |||
r-devel-windows-ix86+x86_64 | 0.3.0 | 6.00 | 49.00 | 55.00 | OK | |
r-patched-linux-x86_64 | 0.3.0 | 0.97 | 25.99 | 26.96 | OK | |
r-patched-solaris-x86 | 0.3.0 | 42.60 | OK | |||
r-release-linux-x86_64 | 0.3.0 | 0.87 | 25.70 | 26.57 | OK | |
r-release-windows-ix86+x86_64 | 0.3.0 | 3.00 | 46.00 | 49.00 | OK | |
r-release-osx-x86_64 | 0.3.0 | NOTE | ||||
r-oldrel-windows-ix86+x86_64 | 0.3.0 | 3.00 | 34.00 | 37.00 | OK | |
r-oldrel-osx-x86_64 | 0.2.4 | OK |
Version: 0.3.0
Check: package dependencies
Result: NOTE
Package suggested but not available for checking: ‘rhdf5’
Flavors: r-devel-linux-x86_64-fedora-clang, r-devel-linux-x86_64-fedora-gcc, r-release-osx-x86_64