CRAN Package Check Results for Package isva

Last updated on 2018-02-24 09:51:33 CET.

Flavor Version Tinstall Tcheck Ttotal Status Flags
r-devel-linux-x86_64-debian-clang 1.9 1.55 29.78 31.33 OK
r-devel-linux-x86_64-debian-gcc 1.9 1.54 23.40 24.94 OK
r-devel-windows-ix86+x86_64 1.9 9.00 60.00 69.00 OK
r-patched-linux-x86_64 1.9 1.37 30.01 31.38 OK
r-patched-solaris-x86 1.9 54.90 OK
r-release-linux-x86_64 1.9 1.68 30.05 31.73 OK
r-release-windows-ix86+x86_64 1.9 4.00 66.00 70.00 OK
r-release-osx-x86_64 1.9 ERROR
r-oldrel-windows-ix86+x86_64 1.9 4.00 66.00 70.00 OK
r-oldrel-osx-x86_64 1.9 OK

Check Details

Version: 1.9
Check: package dependencies
Result: ERROR
    Package required but not available: ‘qvalue’
    
    See section ‘The DESCRIPTION file’ in the ‘Writing R Extensions’
    manual.
Flavor: r-release-osx-x86_64