Last updated on 2018-02-24 09:51:33 CET.
Flavor | Version | Tinstall | Tcheck | Ttotal | Status | Flags |
---|---|---|---|---|---|---|
r-devel-linux-x86_64-debian-clang | 1.0.1 | 4.24 | 53.42 | 57.66 | NOTE | |
r-devel-linux-x86_64-debian-gcc | 1.0.1 | 3.30 | 42.08 | 45.38 | NOTE | |
r-devel-linux-x86_64-fedora-clang | 1.0.1 | 69.76 | NOTE | |||
r-devel-linux-x86_64-fedora-gcc | 1.0.1 | 68.56 | NOTE | |||
r-devel-windows-ix86+x86_64 | 1.0.1 | 9.00 | 84.00 | 93.00 | OK | |
r-patched-linux-x86_64 | 1.0.1 | 3.83 | 59.58 | 63.41 | OK | |
r-patched-solaris-x86 | 1.0.1 | 100.20 | OK | |||
r-release-linux-x86_64 | 1.0.1 | 4.16 | 58.81 | 62.97 | OK | |
r-release-windows-ix86+x86_64 | 1.0.1 | 11.00 | 91.00 | 102.00 | OK | |
r-release-osx-x86_64 | 1.0.1 | OK | ||||
r-oldrel-windows-ix86+x86_64 | 1.0.1 | 7.00 | 63.00 | 70.00 | OK | |
r-oldrel-osx-x86_64 | 1.0.1 | OK |
Version: 1.0.1
Check: DESCRIPTION meta-information
Result: NOTE
Dependence on R version ‘3.3.1’ not with patchlevel 0
Flavors: r-devel-linux-x86_64-debian-clang, r-devel-linux-x86_64-debian-gcc, r-devel-linux-x86_64-fedora-clang, r-devel-linux-x86_64-fedora-gcc