Last updated on 2018-02-24 09:51:33 CET.
Flavor | Version | Tinstall | Tcheck | Ttotal | Status | Flags |
---|---|---|---|---|---|---|
r-devel-linux-x86_64-debian-clang | 0.7.0 | 4.93 | 54.06 | 58.99 | OK | |
r-devel-linux-x86_64-debian-gcc | 0.7.0 | 3.69 | 42.73 | 46.42 | OK | |
r-devel-linux-x86_64-fedora-clang | 0.7.0 | 72.34 | NOTE | |||
r-devel-linux-x86_64-fedora-gcc | 0.7.0 | 69.65 | NOTE | |||
r-devel-windows-ix86+x86_64 | 0.7.0 | 12.00 | 109.00 | 121.00 | NOTE | |
r-patched-linux-x86_64 | 0.7.0 | 2.06 | 61.73 | 63.79 | OK | |
r-patched-solaris-x86 | 0.7.0 | 83.90 | NOTE | |||
r-release-linux-x86_64 | 0.7.0 | 2.31 | 61.16 | 63.47 | OK | |
r-release-windows-ix86+x86_64 | 0.7.0 | 9.00 | 113.00 | 122.00 | NOTE | |
r-release-osx-x86_64 | 0.7.0 | NOTE | ||||
r-oldrel-windows-ix86+x86_64 | 0.7.0 | 8.00 | 82.00 | 90.00 | NOTE | |
r-oldrel-osx-x86_64 | 0.6.1 | OK |
Version: 0.7.0
Check: installed package size
Result: NOTE
installed size is 5.6Mb
sub-directories of 1Mb or more:
doc 5.3Mb
Flavors: r-devel-linux-x86_64-fedora-clang, r-devel-linux-x86_64-fedora-gcc, r-devel-windows-ix86+x86_64, r-patched-solaris-x86, r-release-windows-ix86+x86_64, r-release-osx-x86_64, r-oldrel-windows-ix86+x86_64
Version: 0.7.0
Check: package dependencies
Result: NOTE
Package suggested but not available for checking: ‘magick’
Flavor: r-patched-solaris-x86