Last updated on 2018-02-24 09:51:33 CET.
Flavor | Version | Tinstall | Tcheck | Ttotal | Status | Flags |
---|---|---|---|---|---|---|
r-devel-linux-x86_64-debian-clang | 0.1.1 | 2.34 | 54.77 | 57.11 | OK | |
r-devel-linux-x86_64-debian-gcc | 0.1.1 | 1.65 | 41.47 | 43.12 | OK | |
r-devel-linux-x86_64-fedora-clang | 0.1.1 | 67.07 | OK | |||
r-devel-linux-x86_64-fedora-gcc | 0.1.1 | 64.50 | OK | |||
r-devel-windows-ix86+x86_64 | 0.1.1 | 6.00 | 93.00 | 99.00 | OK | |
r-patched-linux-x86_64 | 0.1.1 | 1.64 | 55.07 | 56.71 | OK | |
r-patched-solaris-x86 | 0.1.1 | 96.70 | OK | |||
r-release-linux-x86_64 | 0.1.1 | 1.74 | 56.28 | 58.02 | OK | |
r-release-windows-ix86+x86_64 | 0.1.1 | 9.00 | 90.00 | 99.00 | OK | |
r-release-osx-x86_64 | 0.1.1 | OK | ||||
r-oldrel-osx-x86_64 | 0.1.1 | ERROR |
Version: 0.1.1
Check: whether package can be installed
Result: ERROR
Installation failed.
Flavor: r-oldrel-osx-x86_64