Last updated on 2018-02-24 09:51:33 CET.
Flavor | Version | Tinstall | Tcheck | Ttotal | Status | Flags |
---|---|---|---|---|---|---|
r-devel-linux-x86_64-debian-clang | 0.4.2 | 2.81 | 30.84 | 33.65 | OK | |
r-devel-linux-x86_64-debian-gcc | 0.4.2 | 2.16 | 25.31 | 27.47 | OK | |
r-devel-linux-x86_64-fedora-clang | 0.4.2 | 40.49 | NOTE | |||
r-devel-linux-x86_64-fedora-gcc | 0.4.2 | 38.36 | NOTE | |||
r-devel-windows-ix86+x86_64 | 0.4.2 | 7.00 | 63.00 | 70.00 | OK | |
r-patched-linux-x86_64 | 0.4.2 | 2.10 | 31.88 | 33.98 | OK | |
r-patched-solaris-x86 | 0.4.2 | 59.60 | NOTE | |||
r-release-linux-x86_64 | 0.4.2 | 2.19 | 31.85 | 34.04 | OK | |
r-release-windows-ix86+x86_64 | 0.4.2 | 10.00 | 57.00 | 67.00 | OK | |
r-release-osx-x86_64 | 0.4.2 | NOTE | ||||
r-oldrel-windows-ix86+x86_64 | 0.4.2 | 6.00 | 43.00 | 49.00 | OK | |
r-oldrel-osx-x86_64 | 0.4.1 | NOTE |
Version: 0.4.2
Check: data for non-ASCII characters
Result: NOTE
Note: found 52458 marked UTF-8 strings
Flavors: r-devel-linux-x86_64-fedora-clang, r-devel-linux-x86_64-fedora-gcc, r-patched-solaris-x86, r-release-osx-x86_64
Version: 0.4.1
Check: dependencies in R code
Result: NOTE
Namespace in Imports field not imported from: ‘stringi’
All declared Imports should be used.
Flavor: r-oldrel-osx-x86_64
Version: 0.4.1
Check: data for non-ASCII characters
Result: NOTE
Note: found 52458 marked UTF-8 strings
Flavor: r-oldrel-osx-x86_64