Last updated on 2018-02-24 09:51:34 CET.
Flavor | Version | Tinstall | Tcheck | Ttotal | Status | Flags |
---|---|---|---|---|---|---|
r-devel-linux-x86_64-debian-clang | 0.6 | 29.42 | 32.41 | 61.83 | OK | |
r-devel-linux-x86_64-debian-gcc | 0.6 | 24.02 | 26.09 | 50.11 | OK | |
r-devel-linux-x86_64-fedora-clang | 0.6 | 89.39 | OK | |||
r-devel-linux-x86_64-fedora-gcc | 0.6 | 77.94 | OK | |||
r-devel-windows-ix86+x86_64 | 0.6 | 100.00 | 95.00 | 195.00 | OK | |
r-patched-linux-x86_64 | 0.6 | 31.18 | 34.26 | 65.44 | OK | |
r-patched-solaris-x86 | 0.6 | 84.80 | OK | |||
r-release-linux-x86_64 | 0.6 | 28.68 | 33.11 | 61.79 | OK | |
r-release-windows-ix86+x86_64 | 0.6 | 78.00 | 96.00 | 174.00 | OK | |
r-release-osx-x86_64 | 0.6 | ERROR | ||||
r-oldrel-windows-ix86+x86_64 | 0.6 | 82.00 | 71.00 | 153.00 | OK | |
r-oldrel-osx-x86_64 | 0.6 | ERROR |
Version: 0.6
Check: whether package can be installed
Result: ERROR
Installation failed.
Flavors: r-release-osx-x86_64, r-oldrel-osx-x86_64