CRAN Package Check Results for Package ldhmm

Last updated on 2018-02-24 09:51:34 CET.

Flavor Version Tinstall Tcheck Ttotal Status Flags
r-devel-linux-x86_64-debian-clang 0.4.2 5.34 70.86 76.20 NOTE
r-devel-linux-x86_64-debian-gcc 0.4.2 4.56 57.37 61.93 NOTE
r-devel-linux-x86_64-fedora-clang 0.4.2 97.81 NOTE
r-devel-linux-x86_64-fedora-gcc 0.4.2 91.22 NOTE
r-devel-windows-ix86+x86_64 0.4.2 18.00 111.00 129.00 OK
r-patched-linux-x86_64 0.4.2 4.00 80.22 84.22 OK
r-patched-solaris-x86 0.4.2 119.40 OK
r-release-linux-x86_64 0.4.2 5.09 79.62 84.71 OK
r-release-windows-ix86+x86_64 0.4.2 22.00 117.00 139.00 OK
r-release-osx-x86_64 0.4.2 OK
r-oldrel-windows-ix86+x86_64 0.4.2 11.00 76.00 87.00 OK
r-oldrel-osx-x86_64 0.4.2 ERROR

Check Details

Version: 0.4.2
Check: DESCRIPTION meta-information
Result: NOTE
    Dependence on R version ‘3.3.3’ not with patchlevel 0
Flavors: r-devel-linux-x86_64-debian-clang, r-devel-linux-x86_64-debian-gcc, r-devel-linux-x86_64-fedora-clang, r-devel-linux-x86_64-fedora-gcc

Version: 0.4.2
Check: whether package can be installed
Result: ERROR
    Installation failed.
Flavor: r-oldrel-osx-x86_64